{"id":95,"date":"2018-08-31T11:35:05","date_gmt":"2018-08-31T17:35:05","guid":{"rendered":"http:\/\/idesmac.org.mx\/aguasegura\/?page_id=95"},"modified":"2021-11-10T20:15:22","modified_gmt":"2021-11-11T02:15:22","slug":"fichas-de-captadores","status":"publish","type":"page","link":"https:\/\/idesmac.net\/aguasegura\/fichas-de-captadores\/","title":{"rendered":"Fichas de captadores"},"content":{"rendered":"<p><img loading=\"lazy\" decoding=\"async\" class=\"wp-image-99 alignright\" src=\"https:\/\/idesmac.org.mx\/aguasegura\/wp-content\/uploads\/2018\/08\/Picture2-150x150.jpg\" alt=\"\" width=\"101\" height=\"101\" srcset=\"https:\/\/idesmac.net\/aguasegura\/wp-content\/uploads\/2018\/08\/Picture2-150x150.jpg 150w, https:\/\/idesmac.net\/aguasegura\/wp-content\/uploads\/2018\/08\/Picture2-160x160.jpg 160w, https:\/\/idesmac.net\/aguasegura\/wp-content\/uploads\/2018\/08\/Picture2-320x320.jpg 320w, https:\/\/idesmac.net\/aguasegura\/wp-content\/uploads\/2018\/08\/Picture2.jpg 224w\" sizes=\"auto, (max-width: 101px) 100vw, 101px\" \/><img loading=\"lazy\" decoding=\"async\" class=\"alignright wp-image-101 \" src=\"https:\/\/www.idesmac.org\/aguasegura\/docs\/2.png\" alt=\"\" width=\"100\" height=\"100\" \/><img loading=\"lazy\" decoding=\"async\" class=\"size-medium wp-image-100 alignright\" src=\"https:\/\/www.idesmac.org\/aguasegura\/docs\/1.png\" alt=\"\" width=\"300\" height=\"108\" \/><\/p>\n<h2><\/h2>\n<h2><\/h2>\n<p>&nbsp;<\/p>\n<p>&nbsp;<\/p>\n<p>&nbsp;<\/p>\n<p>&nbsp;<\/p>\n<ol>\n<li><a href=\"https:\/\/www.idesmac.org\/aguasegura\/docs\/Captadores\/16 de Septiembre - Manuel Jes\u00fas Llanes Pasos.pdf\" target=\"_blank\" rel=\"noopener noreferrer\">Ficha 16 de Septiembre &#8211; Manuel Jesu\u0301s Llanes Pasos<\/a><\/li>\n<li><a href=\"https:\/\/www.idesmac.org\/aguasegura\/docs\/Captadores\/21 de Mayo - Telesecundaria Octavio Paz Lozano.pdf\" target=\"_blank\" rel=\"noopener noreferrer\">Ficha 21 de mayo &#8211; Telesecundaria Octavio Paz Lozano<\/a><\/li>\n<li><a href=\"https:\/\/www.idesmac.org\/aguasegura\/docs\/Captadores\/\" target=\"_blank\" rel=\"noopener noreferrer\">Ficha Arroyo Negro &#8211; Mariano Matamoros<\/a><\/li>\n<li><a href=\"https:\/\/www.idesmac.org\/aguasegura\/docs\/Captadores\/Arroyo Negro - Cuauht\u00e9moc.pdf\" target=\"_blank\" rel=\"noopener noreferrer\">Ficha Arroyo Negro &#8211; Cuauht\u00e9moc<\/a><\/li>\n<li><a href=\"https:\/\/www.idesmac.org\/aguasegura\/docs\/Captadores\/Bel Ha - Primaria Justo Sierra Mendez.pdf\" target=\"_blank\" rel=\"noopener noreferrer\">Ficha Bel ha &#8211; Primaria Justo Sierra M\u00e9ndez<\/a><\/li>\n<li><a href=\"https:\/\/www.idesmac.org\/aguasegura\/docs\/Captadores\/Becan - Primaria Cinco de Febrero.pdf\" target=\"_blank\" rel=\"noopener noreferrer\">Ficha Bec\u00e1n &#8211; Primaria Cinco de Febrero<\/a><\/li>\n<li><a href=\"https:\/\/www.idesmac.org\/aguasegura\/docs\/Captadores\/Carlos A. Madrazo - Emiliano Zapata.pdf\" target=\"_blank\" rel=\"noopener noreferrer\">Ficha Carlos A. Madrazo &#8211; Emiliano Zapata<\/a><\/li>\n<li><a href=\"https:\/\/www.idesmac.org\/aguasegura\/docs\/Captadores\/Cibalito - Silvia del Carmen Courtenay.pdf\" target=\"_blank\" rel=\"noopener noreferrer\">Ficha Cibalito &#8211; Silvia del Carmen Courtenay<\/a><\/li>\n<li><a href=\"https:\/\/www.idesmac.org\/aguasegura\/docs\/Captadores\/Constituci\u00f3n - Telesecundaria No. 11.pdf\" target=\"_blank\" rel=\"noopener noreferrer\">Ficha Constituci\u00f3n &#8211; Telesecundaria No. 11<\/a><\/li>\n<li><a href=\"https:\/\/www.idesmac.org\/aguasegura\/docs\/Captadores\/Dos Lagunas - Primaria Melchor Ocampo.pdf\" target=\"_blank\" rel=\"noopener noreferrer\">Ficha Dos Lagunas &#8211; Primaria Melchor Ocampo<\/a><\/li>\n<li><a href=\"https:\/\/www.idesmac.org\/aguasegura\/docs\/Captadores\/Dos Naciones - Telesecundaria No. 130.pdf\" target=\"_blank\" rel=\"noopener noreferrer\">Ficha Dos Naciones &#8211; Telesecundaria No. 130<\/a><\/li>\n<li><a href=\"https:\/\/www.idesmac.org\/aguasegura\/docs\/Captadores\/El Carmen II - Art\u00edculo Tercero.pdf\" target=\"_blank\" rel=\"noopener noreferrer\">Ficha El Carmen II &#8211; Art\u00edculo Tercero<\/a><\/li>\n<li><a href=\"https:\/\/www.idesmac.org\/aguasegura\/docs\/Captadores\/El Carmen II - Telesecundaria Num. 41.pdf\" target=\"_blank\" rel=\"noopener noreferrer\">Ficha El Carmen II &#8211; Telesecundaria N\u00fam. 41<\/a><\/li>\n<li><a href=\"https:\/\/www.idesmac.org\/aguasegura\/docs\/Captadores\/El Manantial - Telesecundaria No. 119.pdf\" target=\"_blank\" rel=\"noopener noreferrer\">Ficha El Manantial &#8211; Telesecundaria No. 119<\/a><\/li>\n<li><a href=\"https:\/\/www.idesmac.org\/aguasegura\/docs\/Captadores\/El Sacrificio - Telesecundaria No. 149.pdf\" target=\"_blank\" rel=\"noopener noreferrer\">Ficha El Sacrificio &#8211; Telesecundaria No. 149<\/a><\/li>\n<li><a href=\"https:\/\/www.idesmac.org\/aguasegura\/docs\/Captadores\/El Tesoro - Benito Ju\u00e1rez.pdf\" target=\"_blank\" rel=\"noopener noreferrer\">Ficha El Tesoro &#8211; Benito Ju\u00e1rez<\/a><\/li>\n<li><a href=\"https:\/\/www.idesmac.org\/aguasegura\/docs\/Captadores\/El Tesoro - Telesecundaria No. 69.pdf\" target=\"_blank\" rel=\"noopener noreferrer\">Ficha El Tesoro &#8211; Telesecundaria No. 69<\/a><\/li>\n<li><a href=\"https:\/\/www.idesmac.org\/aguasegura\/docs\/Captadores\/Cibalito - Ram\u00f3n L\u00f3pez Velarde.pdf\" target=\"_blank\" rel=\"noopener noreferrer\">Ficha Jos\u00e9 Mar\u00eda Morelos y Pav\u00f3n (Cibalito) &#8211; Ram\u00f3n L\u00f3pez Velarde<\/a><\/li>\n<li><a href=\"https:\/\/www.idesmac.org\/aguasegura\/docs\/Captadores\/Josefa O. de Dom\u00ednguez - Ignacio Allende.pdf\" target=\"_blank\" rel=\"noopener noreferrer\">Ficha Josefa Ortiz de Dom\u00ednguez (Icaich\u00e9) &#8211; Telesecundaria Ignacio Allende<\/a><\/li>\n<li><a href=\"https:\/\/www.idesmac.org\/aguasegura\/docs\/Captadores\/Kil\u00f3metro 120 - Lic. Pablo Garc\u00eda.pdf\" target=\"_blank\" rel=\"noopener noreferrer\">Ficha Kil\u00f3metro 120 &#8211; Lic. Pablo Garc\u00eda<\/a><\/li>\n<li><a href=\"https:\/\/www.idesmac.org\/aguasegura\/docs\/Captadores\/La Guadalupe - Telesecundaria No. 131.pdf\" target=\"_blank\" rel=\"noopener noreferrer\">Ficha La Guadalupe &#8211; Telesecundaria No. 131<\/a><\/li>\n<li><a href=\"https:\/\/www.idesmac.org\/aguasegura\/docs\/Captadores\/Los Angeles - Telesecundaria No. 78.pdf\" target=\"_blank\" rel=\"noopener noreferrer\">Ficha Los Angeles &#8211; Telesecundaria No. 78<\/a><\/li>\n<li><a href=\"https:\/\/www.idesmac.org\/aguasegura\/docs\/Captadores\/Mancolona - Telesecundaria No. 138.pdf\" target=\"_blank\" rel=\"noopener noreferrer\">Ficha Mancolona &#8211; Telesecundaria No. 138<\/a><\/li>\n<li><a href=\"https:\/\/www.idesmac.org\/aguasegura\/docs\/Captadores\/Manuel Castilla Brito - Telesecundaria No. 132.pdf\" target=\"_blank\" rel=\"noopener noreferrer\">Ficha Manuel Castilla Brito &#8211; Telesecundaria 132<\/a><\/li>\n<li><a href=\"https:\/\/www.idesmac.org\/aguasegura\/docs\/Captadores\/Narciso Mendoza - Telesecundaria No. 103.pdf\" target=\"_blank\" rel=\"noopener noreferrer\">Ficha Narciso Mendoza &#8211; Telesecundaria No. 103<\/a><\/li>\n<li><a href=\"https:\/\/www.idesmac.org\/aguasegura\/docs\/Captadores\/Ni\u00f1os H\u00e9roes - Cuauht\u00e9moc.pdf\" target=\"_blank\" rel=\"noopener noreferrer\">Ficha Ni\u00f1os H\u00e9roes &#8211; Cuauht\u00e9moc<\/a><\/li>\n<li><a href=\"https:\/\/www.idesmac.org\/aguasegura\/docs\/Captadores\/Nueva Vida - Manuel Acu\u00f1a.pdf\" target=\"_blank\" rel=\"noopener noreferrer\">Ficha Nueva Vida &#8211; Manuel Acu\u00f1a<\/a><\/li>\n<li><a href=\"https:\/\/www.idesmac.org\/aguasegura\/docs\/Captadores\/Nueva Vida - Telesecundaria No. 133.pdf\" target=\"_blank\" rel=\"noopener noreferrer\">Ficha Nueva Vida &#8211; Telesecundaria No. 133<\/a><\/li>\n<li><a href=\"https:\/\/www.idesmac.org\/aguasegura\/docs\/Captadores\/Ojo de Agua - Telesecundaria No. 22.pdf\" target=\"_blank\" rel=\"noopener noreferrer\">Ficha Ojo de Agua &#8211; Telesecundaria No.22<\/a><\/li>\n<li><a href=\"https:\/\/www.idesmac.org\/aguasegura\/docs\/Captadores\/Pioneros del Rio Xnoha - Leova Vicario.pdf\" target=\"_blank\" rel=\"noopener noreferrer\">Ficha Pioneros del Rio Xnoha &#8211; Leona Vicario<\/a><\/li>\n<li><a href=\"https:\/\/www.idesmac.org\/aguasegura\/docs\/Captadores\/Plan de Ayala - Primaria Leyes de Reforma.pdf\" target=\"_blank\" rel=\"noopener noreferrer\">Ficha Plan de Ayala &#8211; Primaria Leyes de Reforma<\/a><\/li>\n<li><a href=\"https:\/\/www.idesmac.org\/aguasegura\/docs\/Captadores\/Puebla de Morelia - Don Miguel Hidalgo.pdf\" target=\"_blank\" rel=\"noopener noreferrer\">Ficha Puebla de Morelia &#8211; Don Miguel Hidalgo<\/a><\/li>\n<li><a href=\"https:\/\/www.idesmac.org\/aguasegura\/docs\/Captadores\/Quich\u00e9 Las Paylas - Guadalupe Victoria.pdf\" target=\"_blank\" rel=\"noopener noreferrer\">Ficha Quich\u00e9 Las Paylas &#8211; Guadalupe Victoria<\/a><\/li>\n<li><a href=\"https:\/\/www.idesmac.org\/aguasegura\/docs\/Captadores\/Quiche las Paylas - Telesecundaria Num. 102.pdf\" target=\"_blank\" rel=\"noopener noreferrer\">Ficha Quich\u00e9 Las Paylas &#8211; Telesecundaria N\u00fam. 102<\/a><\/li>\n<li><a href=\"https:\/\/www.idesmac.org\/aguasegura\/docs\/Captadores\/Ricardo Payr\u00f3 (Polo Norte) - Telesecundaria No. 21.pdf\" target=\"_blank\" rel=\"noopener noreferrer\">Ficha Ricardo Payr\u00f3 (Polo Norte) &#8211; Telesecundaria No. 21<\/a><\/li>\n<li><a href=\"https:\/\/www.idesmac.org\/aguasegura\/docs\/Captadores\/Santa Luc\u00eda - Miguel Hidalgo y Costilla.pdf\" target=\"_blank\" rel=\"noopener noreferrer\">Ficha Santa Luc\u00eda &#8211; Miguel Hidalgo y Costilla<\/a><\/li>\n<li><a href=\"https:\/\/www.idesmac.org\/aguasegura\/docs\/Captadores\/Santa Rosa - Primaria Francisco Gonz\u00e1lez Bocanegra.pdf\" target=\"_blank\" rel=\"noopener noreferrer\">Ficha Santa Rosa &#8211; Primaria Francisco Gonz\u00e1lez Bocanegra<\/a><\/li>\n<li><a href=\"https:\/\/www.idesmac.org\/aguasegura\/docs\/Captadores\/Tambores de Emiliano Zapata - Telesecundaria Manuel Cahuich Bal\u00e1m.pdf\" target=\"_blank\" rel=\"noopener noreferrer\">Ficha Tambores de Emiliano Zapata &#8211; Telesecundaria Manuel Cahuich Bala\u0301m<\/a><\/li>\n<li><a href=\"https:\/\/www.idesmac.org\/aguasegura\/docs\/Captadores\/Xpujil - COBACAM 14.pdf\" target=\"_blank\" rel=\"noopener noreferrer\">Ficha Xpujil &#8211; COBACAM 14<\/a><\/li>\n<li><a href=\"https:\/\/www.idesmac.org\/aguasegura\/docs\/Captadores\/Xpujil - El Bicentenario.pdf\" target=\"_blank\" rel=\"noopener noreferrer\">Ficha Xpujil &#8211; El Bicentenario<\/a><\/li>\n<li><a href=\"https:\/\/www.idesmac.org\/aguasegura\/docs\/Captadores\/Xpujil - Emiliano Zapata.pdf\" target=\"_blank\" rel=\"noopener noreferrer\">Ficha Xpujil &#8211; Emiliano Zapata<\/a><\/li>\n<li><a href=\"https:\/\/www.idesmac.org\/aguasegura\/docs\/Captadores\/Xpujil - Manuel Crescencio Rej\u00f3n.pdf\" target=\"_blank\" rel=\"noopener noreferrer\">Ficha Xpujil &#8211; Manuel Crescencio Rej\u00f3n<\/a><\/li>\n<li><a href=\"https:\/\/www.idesmac.org\/aguasegura\/docs\/Captadores\/Xpujil - Mejen Paalal.pdf\" target=\"_blank\" rel=\"noopener noreferrer\">Ficha Xpujil &#8211; Mejen Paalal<\/a><\/li>\n<\/ol>\n<p>&nbsp;<\/p>\n<p>&nbsp;<\/p>\n<p>&nbsp;<\/p>\n<p>&nbsp;<\/p>\n<p>&nbsp;<\/p>\n<p>&nbsp;<\/p>\n","protected":false},"excerpt":{"rendered":"<p>&nbsp; &nbsp; &nbsp; &nbsp; Ficha 16 de Septiembre &#8211; Manuel Jesu\u0301s Llanes Pasos Ficha 21 de mayo &#8211; Telesecundaria Octavio Paz Lozano Ficha Arroyo Negro &#8211; Mariano Matamoros Ficha Arroyo Negro &#8211; Cuauht\u00e9moc Ficha&#46;&#46;&#46;<\/p>\n","protected":false},"author":1,"featured_media":98,"parent":0,"menu_order":0,"comment_status":"closed","ping_status":"closed","template":"","meta":{"footnotes":""},"class_list":["post-95","page","type-page","status-publish","has-post-thumbnail","hentry"],"_links":{"self":[{"href":"https:\/\/idesmac.net\/aguasegura\/wp-json\/wp\/v2\/pages\/95","targetHints":{"allow":["GET"]}}],"collection":[{"href":"https:\/\/idesmac.net\/aguasegura\/wp-json\/wp\/v2\/pages"}],"about":[{"href":"https:\/\/idesmac.net\/aguasegura\/wp-json\/wp\/v2\/types\/page"}],"author":[{"embeddable":true,"href":"https:\/\/idesmac.net\/aguasegura\/wp-json\/wp\/v2\/users\/1"}],"replies":[{"embeddable":true,"href":"https:\/\/idesmac.net\/aguasegura\/wp-json\/wp\/v2\/comments?post=95"}],"version-history":[{"count":39,"href":"https:\/\/idesmac.net\/aguasegura\/wp-json\/wp\/v2\/pages\/95\/revisions"}],"predecessor-version":[{"id":230,"href":"https:\/\/idesmac.net\/aguasegura\/wp-json\/wp\/v2\/pages\/95\/revisions\/230"}],"wp:featuredmedia":[{"embeddable":true,"href":"https:\/\/idesmac.net\/aguasegura\/wp-json\/wp\/v2\/media\/98"}],"wp:attachment":[{"href":"https:\/\/idesmac.net\/aguasegura\/wp-json\/wp\/v2\/media?parent=95"}],"curies":[{"name":"wp","href":"https:\/\/api.w.org\/{rel}","templated":true}]}}