{"id":385,"date":"2025-02-13T13:16:38","date_gmt":"2025-02-13T19:16:38","guid":{"rendered":"https:\/\/idesmac.net\/mrevistas\/?page_id=385"},"modified":"2025-07-03T14:05:03","modified_gmt":"2025-07-03T20:05:03","slug":"acerca-de-la-revista","status":"publish","type":"page","link":"https:\/\/idesmac.net\/mrevistas\/?page_id=385","title":{"rendered":"ACERCA DE LA REVISTA"},"content":{"rendered":"\n<p>La Revista <em>Diversidad<\/em> es una publicaci\u00f3n semestral editada por el Instituto para el Desarrollo Sustentable en Mesoam\u00e9rica, A.C (IDESMAC). Con una Reserva de Derecho al Uso Exclusivo N\u00b0 04 &#8211; 2018 &#8211; 100517065000 \u2013 102 y un ISSN 2594-2875, ambos otorgados por el Instituto Nacional del Derecho de Autor.<\/p>\n\n\n\n<p>La revista <em>Diversidad, <\/em>es una publicaci\u00f3n semestral no lucrativa, de divulgaci\u00f3n de las ciencias, las humanidades y las artes. Enfocada en temas de geograf\u00eda, sociolog\u00eda, antropolog\u00eda, econom\u00eda, ecolog\u00eda, pedagog\u00eda, historia, cultura, literatura, gobernanza, sustentabilidad, pedagog\u00eda, pol\u00edtica, g\u00e9nero y medio ambiente, tambi\u00e9n incluye temas estructurales, coyunturales y de contexto.<\/p>\n\n\n\n<p>El Comit\u00e9 Editorial de la Revista Diversidad lo integran intelectuales, investigadores y expertos nacionales e internacionales. Especialistas que participan como dictaminadores de manera voluntaria.<\/p>\n\n\n\n<p>La publicaci\u00f3n de textos y materiales ser\u00e1 abierta para cualquier persona, grupo, colectivo, organizaci\u00f3n, movimiento o instituci\u00f3n interesada.<\/p>\n\n\n\n<p>Se recibir\u00e1n art\u00edculos, ensayos, res\u00famenes de informes y narrativas diversas; todas ellas originales e in\u00e9ditas. Tambi\u00e9n se recibir\u00e1n rese\u00f1as tem\u00e1ticas bibliogr\u00e1ficas o recapitulativas y traducciones de art\u00edculos o ensayos publicados en otros espacios. En su caso, se podr\u00e1n publicar tambi\u00e9n im\u00e1genes diversas de las artes pl\u00e1ticas, digitales y visuales.<\/p>\n\n\n\n<p>El idioma oficial de la revista es el espa\u00f1ol, pero se aceptar\u00e1n textos en cualquiera de las lenguas de los pueblos originarios de M\u00e9xico.<\/p>\n\n\n\n<p>Las y los autores son responsables del contenido de sus trabajos y, por lo tanto, sus opiniones no representar\u00e1n, necesariamente, las de la revista.<\/p>\n\n\n\n<p>La revista <em>Diversidad, <\/em>es difundida de forma digital a trav\u00e9s del sitio: www.idesmac.net<\/p>\n\n\n\n<p><\/p>\n","protected":false},"excerpt":{"rendered":"<p>La Revista Diversidad es una publicaci\u00f3n semestral editada por el Instituto para el Desarrollo Sustentable en Mesoam\u00e9rica, A.C (IDESMAC). Con una Reserva de Derecho al Uso Exclusivo N\u00b0 04 &#8211; 2018 &#8211; 100517065000 \u2013 102 y un ISSN 2594-2875, ambos otorgados por el Instituto Nacional del Derecho de Autor. La revista Diversidad, es una publicaci\u00f3n [&hellip;]<\/p>\n","protected":false},"author":1,"featured_media":0,"parent":0,"menu_order":0,"comment_status":"closed","ping_status":"closed","template":"","meta":{"_genesis_hide_title":false,"_genesis_hide_breadcrumbs":false,"_genesis_hide_singular_image":false,"_genesis_hide_footer_widgets":false,"_genesis_custom_body_class":"","_genesis_custom_post_class":"","_genesis_layout":"","footnotes":""},"class_list":{"0":"post-385","1":"page","2":"type-page","3":"status-publish","5":"entry"},"featured_image_src":null,"featured_image_src_square":null,"_links":{"self":[{"href":"https:\/\/idesmac.net\/mrevistas\/index.php?rest_route=\/wp\/v2\/pages\/385","targetHints":{"allow":["GET"]}}],"collection":[{"href":"https:\/\/idesmac.net\/mrevistas\/index.php?rest_route=\/wp\/v2\/pages"}],"about":[{"href":"https:\/\/idesmac.net\/mrevistas\/index.php?rest_route=\/wp\/v2\/types\/page"}],"author":[{"embeddable":true,"href":"https:\/\/idesmac.net\/mrevistas\/index.php?rest_route=\/wp\/v2\/users\/1"}],"replies":[{"embeddable":true,"href":"https:\/\/idesmac.net\/mrevistas\/index.php?rest_route=%2Fwp%2Fv2%2Fcomments&post=385"}],"version-history":[{"count":7,"href":"https:\/\/idesmac.net\/mrevistas\/index.php?rest_route=\/wp\/v2\/pages\/385\/revisions"}],"predecessor-version":[{"id":1832,"href":"https:\/\/idesmac.net\/mrevistas\/index.php?rest_route=\/wp\/v2\/pages\/385\/revisions\/1832"}],"wp:attachment":[{"href":"https:\/\/idesmac.net\/mrevistas\/index.php?rest_route=%2Fwp%2Fv2%2Fmedia&parent=385"}],"curies":[{"name":"wp","href":"https:\/\/api.w.org\/{rel}","templated":true}]}}